 184. Let s = q - -64. Calculate the remainder when s is divided by 2/(-1 + 12/9).
3
Let t(p) = -p - 1. Let b be t(5). Let i(g) = g**2 + 9*g + 23. What is the remainder when 72 is divided by i(b)?
2
Suppose 5*p + 2 = 27. Suppose -p*v = -3*v + 8. Calculate the remainder when 78 is divided by (-3 + -2)/(v/16).
18
Let h be 2 + -1 - -2 - 3. Suppose 3*o - 7*o + 12 = h. Calculate the remainder when o is divided by 2.
1
Let i = -1 - 3. What is the remainder when 76 is divided by (574/21)/((-5)/(30/i))?
35
What is the remainder when 113 is divided by (-3)/3 - (2 - 26)?
21
Let u(y) = y**3 - 3*y**2 + 3*y - 8. Let s be u(3). Calculate the remainder when 242 is divided by 806/13 - (s + -2 + 2).
59
Suppose 0 = -5*x + 2*u + 348, -2*u - 40 = -3*x + 172. Calculate the remainder when x is divided by 7*(1 + 1) - 0.
12
Let p = 10 - 8. What is the remainder when 107 is divided by 2/p*29 + -2?
26
Suppose 145 = 20*c - 15*c. Suppose -8*s = -c - 27. What is the remainder when 33 is divided by s?
5
Let f(z) = -z**2 + 29*z - 10. What is the remainder when f(27) is divided by 3?
2
Suppose 51*s - 158 = -56. Let l = -14 + 24. Suppose -3*w + 11 = -l. What is the remainder when w is divided by s?
1
Let k(j) = -j + 17. Let t be k(6). Suppose -3*s + 28 = -t. Calculate the remainder when s is divided by 5.
3
Suppose -2*n + 150 = 5*h, -3*h - 2*h + 155 = 3*n. Let m = -71 - -72. Calculate the remainder when 2*(h - (m + 2)) is divided by 17.
16
Let k = 128 + -94. Calculate the remainder when 126 is divided by k.
24
Suppose 2*b - 1 = 5*a, -2*a - 11 = -4*a - 3*b. Let x be a - (8 + -2 - 3). Calculate the remainder when 28 is divided by 5/(20/48) + x.
8
Suppose 128 = 3*f - 4*v, -f = -5*f + 2*v + 184. Suppose f = -15*u + 19*u. What is the remainder when u is divided by 6?
0
Let o(b) = -b**3 + 12*b**2 - 10*b + 4. Let s be o(11). Let y = s - 3. Let n(t) = -t**3 - 3*t**2 - 3*t + 3. What is the remainder when n(-5) is divided by y?
8
Let z(y) = 5*y**2 - 2*y + 1. Calculate the remainder when 32 is divided by z(2).
15
Suppose 6*s + 104 = 9*s - t, -s = -5*t - 58. What is the remainder when 122 is divided by s?
23
Let x(w) = w**3 - 6*w**2 - 7*w + 24. What is the remainder when 256 is divided by x(7)?
16
Suppose 5*t - 5*d = -0*t + 90, -4*t - 2*d + 90 = 0. Let c = 11 - 4. Let h = 55 + c. What is the remainder when h is divided by t?
20
Suppose 0 = -4*m + 2*m - 8, -s - 5*m = 15. Suppose s*a = 4*a - 1. Let o(n) = -15*n. What is the remainder when 42 is divided by o(a)?
12
Suppose 24 + 360 = -4*x. Let m = -91 - x. What is the remainder when 17 is divided by m?
2
Let z(g) = g**3 + 8*g**2 - 24*g - 37. What is the remainder when 19 is divided by z(-10)?
1
Suppose 0 = 91*f - 86*f - 2080. What is the remainder when f is divided by 84?
80
Suppose 0 = 5*x - d - 62, 3*x + 5*d = d + 51. Calculate the remainder when 50 is divided by x.
11
Suppose 32*b = 989 + 67. Calculate the remainder when 557 is divided by b.
29
Suppose -4*n - 8 = 4*f, -2*f + 4*f = -5*n - 4. Suppose -3*x + 86 + 31 = n. Calculate the remainder when x is divided by 11.
6
Let u(w) = -w**2 + 7*w + 813. Calculate the remainder when 231 is divided by u(-25).
10
Let b(r) = r**2 + 15*r + 23. Let x = -161 - -46. Calculate the remainder when b(-18) is divided by (-3)/7 - x/7.
13
Let x(k) = -k - 14. Let o be x(-14). Let f(s) = -s**2 - 3*s + 24. What is the remainder when 70 is divided by f(o)?
22
Let s = 232 + -216. What is the remainder when 316 is divided by s?
12
Let z = -69 + 174. Calculate the remainder when z is divided by 15.
0
Let u(w) = w**2 - 15*w + 31. Let v be u(24). Suppose 0 = 4*c + 9*c - v. Calculate the remainder when 49 is divided by c.
11
Let f = -533 + 578. Calculate the remainder when f is divided by (3/2)/((-6)/(-32)).
5
Let q = 68 - 95. Let b = 27 + q. Suppose b = -4*v + 18 + 10. What is the remainder when 27 is divided by v?
6
Let d(m) = 15*m - 1. Let b be d(-2). Let v = 19 + b. Let p = -4 - v. What is the remainder when 21 is divided by p?
5
Let f(r) = 5*r**2 + 3*r - 2 - 7*r + 3. What is the remainder when 23 is divided by f(2)?
10
Suppose -3*x - 6 + 96 = 0. Suppose -u + 31*l - 28*l + 32 = 0, -25 = 5*l. Calculate the remainder when x is divided by u.
13
Suppose -3*i + 328 = -3*u - 380, 245 = i - 4*u. Let r = i + -109. What is the remainder when r is divided by 65?
59
Let d(i) = i**3 + 14*i**2 + 37*i - 7. Calculate the remainder when 112 is divided by d(-10).
20
Let z(u) = u**3 - u**2 - 2*u + 4. Let v be z(0). Suppose 4*t + v*q - 6*q - 154 = 0, t = -2*q + 51. What is the remainder when t is divided by 22?
19
Suppose -5*i = -42 + 12. Let n = 36 - 34. What is the remainder when i is divided by n?
0
Suppose -65 = -3*k + 8*w - 10*w, k - w - 15 = 0. Calculate the remainder when 538/6 + (-8)/(-6) is divided by k.
15
Let z = 365 + -147. Let n(k) = -k**3 + 20*k**2 + 55. Calculate the remainder when z is divided by n(20).
53
Let z = 1169 - 1142. Let h be 4/14 - (-6)/(-21). Suppose h = r - 29 - 49. What is the remainder when r is divided by z?
24
Suppose 2*n - 8 = -3*k, -7*n = -3*k - 5*n + 4. Calculate the remainder when ((-22)/(-33))/(k/261) is divided by 15.
12
What is the remainder when 3/27 - 7049/(-63) is divided by (4 - 6)*(51/(-6) + -1)?
17
Let n(a) = -a + 16. Let k be -1 - -7 - (-12)/(-4). Let s = 38 - k. What is the remainder when s is divided by n(7)?
8
Suppose -5*f - 15 = -5*k, 0 = -3*f + 4*k - 5*k - 13. What is the remainder when 188 is divided by 6/(-24) - 153/f?
36
Let a be ((-5)/(-2))/(80/128). Suppose a*p - 93 = p. What is the remainder when p is divided by 9?
4
Let c = -11 - -29. What is the remainder when -1*(-3)/(-2)*-34 is divided by c?
15
Let s(k) = k**3 + 8*k**2 - 7*k + 28. Suppose 0*r = 15*r + 135. Calculate the remainder when 10 is divided by s(r).
0
Let j = -26 + 32. Suppose -4*m + j*m = 16. What is the remainder when 36 is divided by m?
4
Let f(p) = -52*p + 1583. Suppose 0 = -4*t - 71 + 515. What is the remainder when t is divided by f(30)?
19
Let r(l) = l**3 - 4*l**2 + 25*l - 11. What is the remainder when 278 is divided by r(3)?
3
Suppose 4*k = 20, -k - 1 = -4*t - 30. Suppose 3*h = -0*h + 27. Let y = t + h. Calculate the remainder when 8 is divided by y.
2
Calculate the remainder when (-12)/8*88/(-6) is divided by -18 + 26 + -3*1.
2
What is the remainder when (8 + -7)/((-1)/(-49)) is divided by 20?
9
Suppose 2*a + 4 = -6. Let m be (a + 8)*(-4)/6. Let w(d) = -5*d - 3. Calculate the remainder when 27 is divided by w(m).
6
Let g(s) = -s**2 - 2*s. Let n be g(-2). Suppose y - 2*v + 6 - 18 = 0, n = -3*y - 4*v + 46. What is the remainder when 162/4 + -5*1/10 is divided by y?
12
What is the remainder when 134 is divided by (4644/(-602))/(3/(-28))?
62
Suppose -15*v - 56 = -116. What is the remainder when 125 is divided by v?
1
Let o = -61 - -317. Calculate the remainder when o is divided by 13.
9
Suppose -4*x + 3102 = -8*z + 11*z, 2*x = z + 1556. Calculate the remainder when x is divided by 39.
36
What is the remainder when (-4)/(-14) - 33/((-1386)/45600) is divided by 64?
62
Suppose -8 = -2*s, v + 2*v = 3*s. Suppose 5*t + 2*l - 4 = 6, 2*t - 4 = -v*l. Calculate the remainder when t is divided by 1.
0
Suppose -r = 3*z - 12 + 2, -z + 50 = 5*r. Suppose r*h = 15*h - 100. Calculate the remainder when h is divided by 7.
6
Let t(x) = 40*x - 108. What is the remainder when t(4) is divided by 0 + (-3)/(3/(-14))?
10
Let b = 17 + 4. Suppose -f - 1 = -b. Calculate the remainder when 78 is divided by f.
18
Suppose -2*p - 5*p = -35. Suppose -44 = -4*x - 4*l, 8*l + 10 = p*x + 4*l. Calculate the remainder when ((-6)/(-4))/((-3)/(-54)) is divided by x.
3
Let j(q) = -q**2 + 11*q + 16. Let s(d) = d**2 + 3*d + 3. What is the remainder when s(-7) is divided by j(11)?
15
Let d(x) = -5*x + 64. What is the remainder when d(-6) is divided by 26?
16
Calculate the remainder when 200 is divided by -7*(267/(-21) + 4).
17
Let n(t) = -t - 14. Let b be n(-16). Suppose -w + 4*j + 25 = b*j, 2*j = -5*w + 101. Let u = 10 + -4. What is the remainder when w is divided by u?
3
Suppose 0 = 3*d + 5*c - 257, 2*c - 8 = -0*c. What is the remainder when 629 is divided by d?
76
Let r(i) = -12*i - 93. What is the remainder when r(-10) is divided by -3*(1 + (-22)/6)?
3
Let l = -751 + 762. What is the remainder when 56 is divided by l?
1
Let x = 21 + 69. Calcul